{"id":4190,"date":"2022-01-09T19:30:41","date_gmt":"2022-01-09T18:30:41","guid":{"rendered":"https:\/\/dinsa.es\/acelerapyme\/?page_id=4190"},"modified":"2022-09-12T12:06:44","modified_gmt":"2022-09-12T11:06:44","slug":"conoce-el-kit-digital-de-acelera-pyme","status":"publish","type":"page","link":"https:\/\/dinsa.es\/kitdigital\/conoce-el-kit-digital-de-acelera-pyme\/","title":{"rendered":"Conoce el Kit Digital de Acelera Pyme"},"content":{"rendered":"<p>[et_pb_section fb_built=\u00bb1&#8243; next_background_color=\u00bb#ffffff\u00bb admin_label=\u00bbHeader\u00bb _builder_version=\u00bb4.16&#8243; background_color=\u00bbrgba(239,103,40,0.96)\u00bb use_background_color_gradient=\u00bbon\u00bb background_color_gradient_direction=\u00bb148deg\u00bb background_color_gradient_stops=\u00bb#2130b7 19%|#ff915e 100%\u00bb background_color_gradient_start=\u00bb#2130b7&#8243; background_color_gradient_start_position=\u00bb19%\u00bb background_color_gradient_end=\u00bb#ff915e\u00bb background_image=\u00bbhttps:\/\/dinsa.es\/kitdigital\/wp-content\/uploads\/2022\/01\/software-06.png\u00bb parallax=\u00bbon\u00bb custom_margin=\u00bb||||false\u00bb custom_padding=\u00bb5vw||11vw||false|false\u00bb bottom_divider_style=\u00bbarrow\u00bb bottom_divider_height=\u00bb29vw\u00bb bottom_divider_repeat=\u00bb0.8x\u00bb global_colors_info=\u00bb{}\u00bb][et_pb_row custom_padding_last_edited=\u00bbon|tablet\u00bb _builder_version=\u00bb4.16&#8243; max_width=\u00bb80%\u00bb custom_padding=\u00bb0px|0px|0|0px|false|false\u00bb custom_padding_tablet=\u00bb40px||40px||true\u00bb custom_padding_phone=\u00bb\u00bb use_custom_width=\u00bbon\u00bb width_unit=\u00bboff\u00bb global_colors_info=\u00bb{}\u00bb][et_pb_column type=\u00bb4_4&#8243; _builder_version=\u00bb4.16&#8243; custom_padding=\u00bb|||\u00bb global_colors_info=\u00bb{}\u00bb custom_padding__hover=\u00bb|||\u00bb][et_pb_text _builder_version=\u00bb4.16&#8243; text_font=\u00bb||||||||\u00bb header_font=\u00bbPoppins|600|||||||\u00bb header_text_align=\u00bbcenter\u00bb header_font_size=\u00bb4vw\u00bb header_line_height=\u00bb1.5em\u00bb text_orientation=\u00bbcenter\u00bb background_layout=\u00bbdark\u00bb max_width=\u00bb80%\u00bb max_width_tablet=\u00bb\u00bb max_width_phone=\u00bb\u00bb max_width_last_edited=\u00bbon|phone\u00bb module_alignment=\u00bbcenter\u00bb custom_margin=\u00bb||20px\u00bb animation_style=\u00bbfade\u00bb header_font_size_tablet=\u00bb38px\u00bb header_font_size_phone=\u00bb28px\u00bb header_font_size_last_edited=\u00bbon|phone\u00bb header_text_shadow_style=\u00bbpreset3&#8243; header_text_shadow_vertical_length=\u00bb0.3em\u00bb header_text_shadow_blur_strength=\u00bb1.4em\u00bb header_text_shadow_color=\u00bbrgba(0,0,0,0.24)\u00bb global_colors_info=\u00bb{}\u00bb header_3_font_size__hover=\u00bb22px\u00bb header_3_font_size__hover_enabled=\u00bb22px\u00bb header_3_letter_spacing__hover=\u00bb0px\u00bb header_3_letter_spacing__hover_enabled=\u00bb0px\u00bb header_3_line_height__hover=\u00bb1em\u00bb header_3_line_height__hover_enabled=\u00bb1em\u00bb header_3_text_shadow_style__hover=\u00bbnone\u00bb header_3_text_shadow_style__hover_enabled=\u00bbnone\u00bb header_3_text_shadow_color__hover=\u00bbrgba(0,0,0,0.4)\u00bb header_3_text_shadow_color__hover_enabled=\u00bbrgba(0,0,0,0.4)\u00bb]<\/p>\n<h1 style=\"text-align: center;\">Kit Digital<\/h1>\n<h2 style=\"text-align: center;\">Conoce el programa Acelera Pyme de Red.es<\/h2>\n<p>[\/et_pb_text][\/et_pb_column][\/et_pb_row][\/et_pb_section][et_pb_section fb_built=\u00bb1&#8243; _builder_version=\u00bb4.14.7&#8243; _module_preset=\u00bbdefault\u00bb custom_padding=\u00bb2px||4px|||\u00bb global_module=\u00bb4754&#8243; global_colors_info=\u00bb{}\u00bb][et_pb_row _builder_version=\u00bb4.16&#8243; _module_preset=\u00bbdefault\u00bb global_colors_info=\u00bb{}\u00bb][et_pb_column type=\u00bb4_4&#8243; _builder_version=\u00bb4.16&#8243; _module_preset=\u00bbdefault\u00bb global_colors_info=\u00bb{}\u00bb][et_pb_text _builder_version=\u00bb4.16&#8243; _module_preset=\u00bbdefault\u00bb text_text_color=\u00bb#000000&#8243; header_4_text_align=\u00bbcenter\u00bb custom_margin=\u00bb||-1px|||\u00bb locked=\u00bboff\u00bb global_colors_info=\u00bb{}\u00bb]<\/p>\n<h4>PROGRAMA KIT DIGITAL COFINANCIADO POR LOS FONDOS NEXT GENERATION (UE)<\/h4>\n<h4>DEL MECANISMO DE RECUPERACI\u00d3N Y RESILENCIA<\/h4>\n<p>[\/et_pb_text][et_pb_image src=\u00bbhttps:\/\/dinsa.es\/kitdigital\/wp-content\/uploads\/2022\/01\/logo-digitalizadores.png\u00bb alt=\u00bbKit Digital\u00bb title_text=\u00bbKit Digital-digitalizadores\u00bb _builder_version=\u00bb4.16&#8243; _module_preset=\u00bbdefault\u00bb global_colors_info=\u00bb{}\u00bb][\/et_pb_image][\/et_pb_column][\/et_pb_row][\/et_pb_section][et_pb_section fb_built=\u00bb1&#8243; admin_label=\u00bbFeatures\u00bb _builder_version=\u00bb4.16&#8243; custom_padding=\u00bb40px|0|50px|0px|false|false\u00bb global_colors_info=\u00bb{}\u00bb][et_pb_row column_structure=\u00bb1_2,1_2&#8243; custom_padding_last_edited=\u00bbon|phone\u00bb _builder_version=\u00bb4.16&#8243; background_color=\u00bb#ffffff\u00bb width=\u00bb100%\u00bb max_width=\u00bb1079px\u00bb custom_padding=\u00bb60px|40px|40px|40px|false|true\u00bb custom_padding_tablet=\u00bb\u00bb custom_padding_phone=\u00bb20px|20px|20px|20px||true\u00bb border_radii=\u00bbon|10px|10px|10px|10px\u00bb box_shadow_style=\u00bbpreset3&#8243; box_shadow_vertical=\u00bb10px\u00bb box_shadow_blur=\u00bb80px\u00bb box_shadow_spread=\u00bb-10px\u00bb box_shadow_color=\u00bbrgba(44,54,92,0.2)\u00bb locked=\u00bboff\u00bb global_colors_info=\u00bb{}\u00bb box_shadow_vertical__hover=\u00bb50px\u00bb box_shadow_vertical__hover_enabled=\u00bbon\u00bb box_shadow_blur__hover=\u00bb180px\u00bb box_shadow_blur__hover_enabled=\u00bbon\u00bb][et_pb_column type=\u00bb1_2&#8243; _builder_version=\u00bb4.16&#8243; custom_padding=\u00bb|||\u00bb global_colors_info=\u00bb{}\u00bb custom_padding__hover=\u00bb|||\u00bb][et_pb_video_slider _builder_version=\u00bb4.16&#8243; _module_preset=\u00bbdefault\u00bb global_colors_info=\u00bb{}\u00bb][et_pb_video_slider_item src=\u00bbhttps:\/\/www.youtube.com\/watch?v=lPR-pA5zPMg\u00bb _builder_version=\u00bb4.14.5&#8243; _module_preset=\u00bbdefault\u00bb global_colors_info=\u00bb{}\u00bb show_image_overlay=\u00bboff\u00bb][\/et_pb_video_slider_item][\/et_pb_video_slider][\/et_pb_column][et_pb_column type=\u00bb1_2&#8243; _builder_version=\u00bb4.16&#8243; custom_padding=\u00bb|||\u00bb global_colors_info=\u00bb{}\u00bb custom_padding__hover=\u00bb|||\u00bb][et_pb_text _builder_version=\u00bb4.16&#8243; _module_preset=\u00bbdefault\u00bb header_3_text_color=\u00bb#0C71C3&#8243; header_3_font_size=\u00bb20px\u00bb header_3_letter_spacing=\u00bb1px\u00bb header_3_line_height=\u00bb1.1em\u00bb global_colors_info=\u00bb{}\u00bb]<\/p>\n<h2 class=\"h3 text-sora text-grey mb-2 font-30 font-extrabold font-kit-grey\"><strong>\u00bfQu\u00e9 es?<\/strong><\/h2>\n<div class=\"text-montserrat font-size-18 text-grey font-montserrat font-18 font-regulare font-18 font-kit-grey\"><strong>El Kit Digital es una iniciativa del Gobierno de Espa\u00f1a,<\/strong><span>\u00a0<\/span>que tiene como objetivo subvencionar la implantaci\u00f3n de soluciones digitales disponibles en el mercado para conseguir un avance significativo en el nivel de madurez digital.<\/div>\n<div class=\"text-montserrat font-size-18 text-grey font-montserrat font-18 font-regulare font-18 font-kit-grey\"><\/div>\n<div class=\"text-montserrat font-size-18 text-grey font-montserrat font-18 font-regulare font-18 font-kit-grey\">\n<p>&nbsp;<\/p>\n<p>&nbsp;<\/p>\n<h2 class=\"h3 text-white font-bold font-30\"><strong>\u00bfA qui\u00e9n va dirigido?<\/strong><\/h2>\n<div class=\"h5 text-white font-montserrat font-regular font-18\">Las soluciones digitales que proporciona el Kit Digital est\u00e1n orientadas a las necesidades de las <strong>peque\u00f1as empresas, microempresas y trabajadores aut\u00f3nomos<\/strong>, que pertenezcan a cualquier sector o tipolog\u00eda de negocio.<\/div>\n<\/div>\n<p>[\/et_pb_text][\/et_pb_column][\/et_pb_row][et_pb_row custom_padding_last_edited=\u00bbon|phone\u00bb _builder_version=\u00bb4.16&#8243; background_color=\u00bb#ffffff\u00bb width=\u00bb100%\u00bb max_width=\u00bb1079px\u00bb custom_padding=\u00bb60px|40px|40px|40px|false|true\u00bb custom_padding_tablet=\u00bb\u00bb custom_padding_phone=\u00bb20px|20px|20px|20px||true\u00bb border_radii=\u00bbon|10px|10px|10px|10px\u00bb box_shadow_style=\u00bbpreset3&#8243; box_shadow_vertical=\u00bb10px\u00bb box_shadow_blur=\u00bb80px\u00bb box_shadow_spread=\u00bb-10px\u00bb box_shadow_color=\u00bbrgba(44,54,92,0.2)\u00bb locked=\u00bboff\u00bb global_colors_info=\u00bb{}\u00bb box_shadow_vertical__hover=\u00bb50px\u00bb box_shadow_vertical__hover_enabled=\u00bbon\u00bb box_shadow_blur__hover=\u00bb180px\u00bb box_shadow_blur__hover_enabled=\u00bbon\u00bb][et_pb_column type=\u00bb4_4&#8243; _builder_version=\u00bb4.16&#8243; custom_padding=\u00bb|||\u00bb global_colors_info=\u00bb{}\u00bb custom_padding__hover=\u00bb|||\u00bb][et_pb_video_slider _builder_version=\u00bb4.16&#8243; _module_preset=\u00bbdefault\u00bb global_colors_info=\u00bb{}\u00bb][et_pb_video_slider_item src=\u00bbhttps:\/\/youtu.be\/LbkzY4PzoZg\u00bb _builder_version=\u00bb4.14.5&#8243; _module_preset=\u00bbdefault\u00bb global_colors_info=\u00bb{}\u00bb show_image_overlay=\u00bboff\u00bb][\/et_pb_video_slider_item][\/et_pb_video_slider][et_pb_text _builder_version=\u00bb4.16&#8243; _module_preset=\u00bbdefault\u00bb header_3_text_color=\u00bb#0C71C3&#8243; header_3_font_size=\u00bb20px\u00bb header_3_letter_spacing=\u00bb1px\u00bb header_3_line_height=\u00bb1.1em\u00bb global_colors_info=\u00bb{}\u00bb]<\/p>\n<h2 class=\"h3 text-sora text-grey mb-2 font-30 font-extrabold font-kit-grey\"><strong>\u00bfC\u00f3mo conseguir el bono digital de Red.es?<\/strong><\/h2>\n<h2 class=\"h2_title_underlined\">Si eres<span>\u00a0<\/span><span class=\"red-title\">pyme\/aut\u00f3nomo<\/span><\/h2>\n<p>Si cumples con las condiciones establecidas en las bases de la convocatoria de la ayuda del Kit Digital, podr\u00e1s disponer de un bono digital que te permitir\u00e1 acceder a las soluciones de digitalizaci\u00f3n<\/p>\n<p>[\/et_pb_text][\/et_pb_column][\/et_pb_row][et_pb_row column_structure=\u00bb3_4,1_4&#8243; make_equal=\u00bbon\u00bb custom_padding_last_edited=\u00bbon|phone\u00bb _builder_version=\u00bb4.16&#8243; background_color=\u00bb#ffffff\u00bb width=\u00bb100%\u00bb max_width=\u00bb1079px\u00bb custom_padding=\u00bb60px|40px|40px|40px|false|true\u00bb custom_padding_tablet=\u00bb\u00bb custom_padding_phone=\u00bb20px|20px|20px|20px||true\u00bb border_radii=\u00bbon|10px|10px|10px|10px\u00bb box_shadow_style=\u00bbpreset3&#8243; box_shadow_vertical=\u00bb10px\u00bb box_shadow_blur=\u00bb80px\u00bb box_shadow_spread=\u00bb-10px\u00bb box_shadow_color=\u00bbrgba(44,54,92,0.2)\u00bb locked=\u00bboff\u00bb global_colors_info=\u00bb{}\u00bb box_shadow_vertical__hover=\u00bb50px\u00bb box_shadow_vertical__hover_enabled=\u00bbon\u00bb box_shadow_blur__hover=\u00bb180px\u00bb box_shadow_blur__hover_enabled=\u00bbon\u00bb][et_pb_column type=\u00bb3_4&#8243; _builder_version=\u00bb4.16&#8243; custom_padding=\u00bb|||\u00bb global_colors_info=\u00bb{}\u00bb custom_padding__hover=\u00bb|||\u00bb][et_pb_text _builder_version=\u00bb4.16&#8243; _module_preset=\u00bbdefault\u00bb custom_padding=\u00bb||3px|||\u00bb global_colors_info=\u00bb{}\u00bb]<\/p>\n<ul>\n<li>Ser una peque\u00f1a empresa, microempresa o aut\u00f3nomo.<\/li>\n<li>Cumplir los l\u00edmites financieros y efectivos que definen las categor\u00edas de empresas.<\/li>\n<li>Estar en situaci\u00f3n de alta y tener la antig\u00fcedad m\u00ednima que se establece por convocatoria.<\/li>\n<li>No tener consideraci\u00f3n de empresa en crisis.<\/li>\n<li>Estar al corriente de las obligaciones tributarias y frente a la Seguridad Social.<\/li>\n<li>No estar sujeta a una orden de recuperaci\u00f3n pendiente de la Comisi\u00f3n Europea que haya declarado una ayuda ilegal e incompatible con el mercado com\u00fan.<\/li>\n<li>No incurrir en ninguna de las prohibiciones previstas en el art\u00edculo 13.2 de la Ley 38\/2003, de 17 de noviembre, General de Subvenciones.<\/li>\n<li>No superar el l\u00edmite de ayudas minimis (de peque\u00f1a cuant\u00eda).<\/li>\n<\/ul>\n<p>[\/et_pb_text][\/et_pb_column][et_pb_column type=\u00bb1_4&#8243; _builder_version=\u00bb4.16&#8243; background_color=\u00bbrgba(48,48,48,0.08)\u00bb custom_padding=\u00bb|||\u00bb global_colors_info=\u00bb{}\u00bb custom_padding__hover=\u00bb|||\u00bb][et_pb_text _builder_version=\u00bb4.16&#8243; _module_preset=\u00bbdefault\u00bb custom_padding=\u00bb20px|20px|20px|20px|true|true\u00bb global_colors_info=\u00bb{}\u00bb]<\/p>\n<h2><strong>\u00bfCu\u00e1les son los requisitos para solicitar la ayuda Kit Digital?<\/strong><\/h2>\n<p><strong><\/strong><\/p>\n<p>Si cumples las siguientes condiciones, \u00a1el programa Kit Digital est\u00e1 hecho para ti!<\/p>\n<p>[\/et_pb_text][\/et_pb_column][\/et_pb_row][et_pb_row column_structure=\u00bb1_4,3_4&#8243; custom_padding_last_edited=\u00bbon|phone\u00bb _builder_version=\u00bb4.16&#8243; background_color=\u00bb#ffffff\u00bb width=\u00bb100%\u00bb max_width=\u00bb1079px\u00bb custom_padding=\u00bb60px|40px|40px|40px|false|true\u00bb custom_padding_tablet=\u00bb\u00bb custom_padding_phone=\u00bb20px|20px|20px|20px||true\u00bb border_radii=\u00bbon|10px|10px|10px|10px\u00bb box_shadow_style=\u00bbpreset3&#8243; box_shadow_vertical=\u00bb10px\u00bb box_shadow_blur=\u00bb80px\u00bb box_shadow_spread=\u00bb-10px\u00bb box_shadow_color=\u00bbrgba(44,54,92,0.2)\u00bb locked=\u00bboff\u00bb global_colors_info=\u00bb{}\u00bb box_shadow_vertical__hover=\u00bb50px\u00bb box_shadow_vertical__hover_enabled=\u00bbon\u00bb box_shadow_blur__hover=\u00bb180px\u00bb box_shadow_blur__hover_enabled=\u00bbon\u00bb][et_pb_column type=\u00bb1_4&#8243; _builder_version=\u00bb4.16&#8243; custom_padding=\u00bb|||\u00bb global_colors_info=\u00bb{}\u00bb custom_padding__hover=\u00bb|||\u00bb][et_pb_text _builder_version=\u00bb4.16&#8243; _module_preset=\u00bbdefault\u00bb global_colors_info=\u00bb{}\u00bb]<\/p>\n<h2 class=\"h2_title_underlined font-poppins font-bold font-24 font-kit-grey m-0 p-0\"><strong>C\u00f3mo solicitar tu bono Kit Digital<\/strong><\/h2>\n<p>Accede al portal de Acelera Pyme de Red.es para iniciar el registro.<\/p>\n<p><strong><\/strong><\/p>\n<p>[\/et_pb_text][et_pb_button button_url=\u00bbhttps:\/\/www.acelerapyme.gob.es\/registro-pyme\u00bb url_new_window=\u00bbon\u00bb button_text=\u00bbRegistro\u00bb _builder_version=\u00bb4.16&#8243; _module_preset=\u00bbdefault\u00bb global_colors_info=\u00bb{}\u00bb][\/et_pb_button][\/et_pb_column][et_pb_column type=\u00bb3_4&#8243; _builder_version=\u00bb4.16&#8243; custom_padding=\u00bb|||\u00bb global_colors_info=\u00bb{}\u00bb custom_padding__hover=\u00bb|||\u00bb][et_pb_accordion _builder_version=\u00bb4.18.0&#8243; _module_preset=\u00bbdefault\u00bb hover_enabled=\u00bb0&#8243; global_colors_info=\u00bb{}\u00bb sticky_enabled=\u00bb0&#8243;][et_pb_accordion_item title=\u00bbRegistro\u00bb open=\u00bboff\u00bb _builder_version=\u00bb4.18.0&#8243; _module_preset=\u00bbdefault\u00bb hover_enabled=\u00bb0&#8243; global_colors_info=\u00bb{}\u00bb sticky_enabled=\u00bb0&#8243;]<\/p>\n<p><strong>Reg\u00edstrate<\/strong><span>\u00a0en\u00a0<\/span><a href=\"https:\/\/www.acelerapyme.gob.es\/user\">nuestro \u00e1rea privada<\/a><span>\u00a0y completa<\/span><strong><span>\u00a0<\/span><\/strong><span>el\u00a0<\/span><a href=\"https:\/\/www.acelerapyme.gob.es\/quieres-conocer-el-grado-de-digitalizacion-de-tu-pyme\">test de diagn\u00f3stico digital<\/a><span>.<\/span><\/p>\n<p>[\/et_pb_accordion_item][et_pb_accordion_item title=\u00bbConsulta cat\u00e1logo de soluciones digitales\u00bb _builder_version=\u00bb4.18.0&#8243; _module_preset=\u00bbdefault\u00bb hover_enabled=\u00bb0&#8243; global_colors_info=\u00bb{}\u00bb open=\u00bboff\u00bb sticky_enabled=\u00bb0&#8243;]<\/p>\n<p><strong>Consulta<span>\u00a0<\/span><\/strong><span>la informaci\u00f3n disponible de las\u00a0<\/span><a href=\"https:\/\/dinsa.es\/kitdigital\">soluciones de digitalizaci\u00f3n<\/a><span>\u00a0que pondr\u00e1 a tu disposici\u00f3n el programa Kit Digital.<\/span><\/p>\n<p>[\/et_pb_accordion_item][et_pb_accordion_item title=\u00bbAccede\u00a0a los tr\u00e1mites para solicitar tu\u00a0bono Kit Digital.\u00bb _builder_version=\u00bb4.18.0&#8243; _module_preset=\u00bbdefault\u00bb hover_enabled=\u00bb0&#8243; global_colors_info=\u00bb{}\u00bb open=\u00bbon\u00bb sticky_enabled=\u00bb0&#8243;]<\/p>\n<div class=\"step_description font-weight-normal\"><strong>Accede<\/strong><span>\u00a0<\/span>a los tr\u00e1mites para solicitar tu<strong><span>\u00a0<\/span>bono Kit Digital<\/strong>.<\/div>\n<div class=\"step_description font-weight-normal\">\n<p><a href=\"https:\/\/sede.red.gob.es\/es\/procedimientos\/convocatoria-de-ayudas-destinadas-la-digitalizacion-de-empresas-del-segmento-i-entre\" target=\"_blank\" class=\"ext\" data-extlink=\"\" rel=\"noopener noreferrer\">Si eres una empresa entre 10 y 50 empleados.<span class=\"fa-ext extlink\"><span class=\"custom-external-link\" aria-label=\"(link is external)\"><\/span><\/span><\/a><\/p>\n<p><a href=\"https:\/\/sede.red.gob.es\/es\/procedimientos\/convocatoria-de-ayudas-destinadas-la-digitalizacion-de-empresas-del-segmento-ii\" target=\"_blank\" class=\"ext\" data-extlink=\"\" rel=\"noopener noreferrer\">Si eres una empresa entre 3 y menos de 10 empleados.<span class=\"fa-ext extlink\"><span class=\"custom-external-link\" aria-label=\"(link is external)\"><\/span><\/span><\/a><\/p>\n<p><strong>Descarga<span>\u00a0<\/span><\/strong><a href=\"https:\/\/www.acelerapyme.gob.es\/sites\/acelerapyme\/files\/2022-07\/Modelo%20de%20representante%20voluntario.pdf\" target=\"_blank\" rel=\"noopener\">aqu\u00ed<\/a>\u00a0el nuevo modelo de<span>\u00a0<\/span><strong>representante voluntario*<\/strong>.<\/p>\n<\/div>\n<div class=\"step_description font-weight-normal\"><strong>Acceso<\/strong><span>\u00a0<\/span>al entorno de pruebas de la convocatoria dirigida al<span>\u00a0<\/span><strong>segmento II de beneficiarios<\/strong><span>\u00a0<\/span>**<\/div>\n<p>[\/et_pb_accordion_item][\/et_pb_accordion][\/et_pb_column][\/et_pb_row][\/et_pb_section]<\/p>\n","protected":false},"excerpt":{"rendered":"<p>Kit Digital Conoce el programa Acelera Pyme de Red.esPROGRAMA KIT DIGITAL COFINANCIADO POR LOS FONDOS NEXT GENERATION (UE) DEL MECANISMO DE RECUPERACI\u00d3N Y RESILENCIA\u00bfQu\u00e9 es? El Kit Digital es una iniciativa del Gobierno de Espa\u00f1a,\u00a0que tiene como objetivo subvencionar la implantaci\u00f3n de soluciones digitales disponibles en el mercado para conseguir un avance significativo en el [&hellip;]<\/p>\n","protected":false},"author":1,"featured_media":0,"parent":0,"menu_order":0,"comment_status":"closed","ping_status":"closed","template":"","meta":{"_et_pb_use_builder":"on","_et_pb_old_content":"","_et_gb_content_width":"","footnotes":""},"class_list":["post-4190","page","type-page","status-publish","hentry"],"yoast_head":"<!-- This site is optimized with the Yoast SEO plugin v27.4 - https:\/\/yoast.com\/product\/yoast-seo-wordpress\/ -->\n<title>Conoce el Kit Digital de Acelera Pyme - Kit Digital Pymes | Dinsa con Acelera Pyme<\/title>\n<meta name=\"robots\" content=\"index, follow, max-snippet:-1, max-image-preview:large, max-video-preview:-1\" \/>\n<link rel=\"canonical\" href=\"https:\/\/dinsa.es\/kitdigital\/conoce-el-kit-digital-de-acelera-pyme\/\" \/>\n<meta property=\"og:locale\" content=\"es_ES\" \/>\n<meta property=\"og:type\" content=\"article\" \/>\n<meta property=\"og:title\" content=\"Conoce el Kit Digital de Acelera Pyme - Kit Digital Pymes | Dinsa con Acelera Pyme\" \/>\n<meta property=\"og:description\" content=\"Kit Digital Conoce el programa Acelera Pyme de Red.esPROGRAMA KIT DIGITAL COFINANCIADO POR LOS FONDOS NEXT GENERATION (UE) DEL MECANISMO DE RECUPERACI\u00d3N Y RESILENCIA\u00bfQu\u00e9 es? El Kit Digital es una iniciativa del Gobierno de Espa\u00f1a,\u00a0que tiene como objetivo subvencionar la implantaci\u00f3n de soluciones digitales disponibles en el mercado para conseguir un avance significativo en el [&hellip;]\" \/>\n<meta property=\"og:url\" content=\"https:\/\/dinsa.es\/kitdigital\/conoce-el-kit-digital-de-acelera-pyme\/\" \/>\n<meta property=\"og:site_name\" content=\"Kit Digital Pymes | Dinsa con Acelera Pyme\" \/>\n<meta property=\"article:modified_time\" content=\"2022-09-12T11:06:44+00:00\" \/>\n<meta name=\"twitter:card\" content=\"summary_large_image\" \/>\n<script type=\"application\/ld+json\" class=\"yoast-schema-graph\">{\"@context\":\"https:\\\/\\\/schema.org\",\"@graph\":[{\"@type\":\"WebPage\",\"@id\":\"https:\\\/\\\/dinsa.es\\\/kitdigital\\\/conoce-el-kit-digital-de-acelera-pyme\\\/\",\"url\":\"https:\\\/\\\/dinsa.es\\\/kitdigital\\\/conoce-el-kit-digital-de-acelera-pyme\\\/\",\"name\":\"Conoce el Kit Digital de Acelera Pyme - Kit Digital Pymes | Dinsa con Acelera Pyme\",\"isPartOf\":{\"@id\":\"https:\\\/\\\/dinsa.es\\\/kitdigital\\\/#website\"},\"datePublished\":\"2022-01-09T18:30:41+00:00\",\"dateModified\":\"2022-09-12T11:06:44+00:00\",\"breadcrumb\":{\"@id\":\"https:\\\/\\\/dinsa.es\\\/kitdigital\\\/conoce-el-kit-digital-de-acelera-pyme\\\/#breadcrumb\"},\"inLanguage\":\"es\",\"potentialAction\":[{\"@type\":\"ReadAction\",\"target\":[\"https:\\\/\\\/dinsa.es\\\/kitdigital\\\/conoce-el-kit-digital-de-acelera-pyme\\\/\"]}]},{\"@type\":\"BreadcrumbList\",\"@id\":\"https:\\\/\\\/dinsa.es\\\/kitdigital\\\/conoce-el-kit-digital-de-acelera-pyme\\\/#breadcrumb\",\"itemListElement\":[{\"@type\":\"ListItem\",\"position\":1,\"name\":\"Portada\",\"item\":\"https:\\\/\\\/dinsa.es\\\/kitdigital\\\/\"},{\"@type\":\"ListItem\",\"position\":2,\"name\":\"Conoce el Kit Digital de Acelera Pyme\"}]},{\"@type\":\"WebSite\",\"@id\":\"https:\\\/\\\/dinsa.es\\\/kitdigital\\\/#website\",\"url\":\"https:\\\/\\\/dinsa.es\\\/kitdigital\\\/\",\"name\":\"Kit Digital Pymes | Dinsa con Acelera Pyme\",\"description\":\"Dinsa es agente digitalizador del programa Acelera Pyme\",\"potentialAction\":[{\"@type\":\"SearchAction\",\"target\":{\"@type\":\"EntryPoint\",\"urlTemplate\":\"https:\\\/\\\/dinsa.es\\\/kitdigital\\\/?s={search_term_string}\"},\"query-input\":{\"@type\":\"PropertyValueSpecification\",\"valueRequired\":true,\"valueName\":\"search_term_string\"}}],\"inLanguage\":\"es\"}]}<\/script>\n<!-- \/ Yoast SEO plugin. -->","yoast_head_json":{"title":"Conoce el Kit Digital de Acelera Pyme - Kit Digital Pymes | Dinsa con Acelera Pyme","robots":{"index":"index","follow":"follow","max-snippet":"max-snippet:-1","max-image-preview":"max-image-preview:large","max-video-preview":"max-video-preview:-1"},"canonical":"https:\/\/dinsa.es\/kitdigital\/conoce-el-kit-digital-de-acelera-pyme\/","og_locale":"es_ES","og_type":"article","og_title":"Conoce el Kit Digital de Acelera Pyme - Kit Digital Pymes | Dinsa con Acelera Pyme","og_description":"Kit Digital Conoce el programa Acelera Pyme de Red.esPROGRAMA KIT DIGITAL COFINANCIADO POR LOS FONDOS NEXT GENERATION (UE) DEL MECANISMO DE RECUPERACI\u00d3N Y RESILENCIA\u00bfQu\u00e9 es? El Kit Digital es una iniciativa del Gobierno de Espa\u00f1a,\u00a0que tiene como objetivo subvencionar la implantaci\u00f3n de soluciones digitales disponibles en el mercado para conseguir un avance significativo en el [&hellip;]","og_url":"https:\/\/dinsa.es\/kitdigital\/conoce-el-kit-digital-de-acelera-pyme\/","og_site_name":"Kit Digital Pymes | Dinsa con Acelera Pyme","article_modified_time":"2022-09-12T11:06:44+00:00","twitter_card":"summary_large_image","schema":{"@context":"https:\/\/schema.org","@graph":[{"@type":"WebPage","@id":"https:\/\/dinsa.es\/kitdigital\/conoce-el-kit-digital-de-acelera-pyme\/","url":"https:\/\/dinsa.es\/kitdigital\/conoce-el-kit-digital-de-acelera-pyme\/","name":"Conoce el Kit Digital de Acelera Pyme - Kit Digital Pymes | Dinsa con Acelera Pyme","isPartOf":{"@id":"https:\/\/dinsa.es\/kitdigital\/#website"},"datePublished":"2022-01-09T18:30:41+00:00","dateModified":"2022-09-12T11:06:44+00:00","breadcrumb":{"@id":"https:\/\/dinsa.es\/kitdigital\/conoce-el-kit-digital-de-acelera-pyme\/#breadcrumb"},"inLanguage":"es","potentialAction":[{"@type":"ReadAction","target":["https:\/\/dinsa.es\/kitdigital\/conoce-el-kit-digital-de-acelera-pyme\/"]}]},{"@type":"BreadcrumbList","@id":"https:\/\/dinsa.es\/kitdigital\/conoce-el-kit-digital-de-acelera-pyme\/#breadcrumb","itemListElement":[{"@type":"ListItem","position":1,"name":"Portada","item":"https:\/\/dinsa.es\/kitdigital\/"},{"@type":"ListItem","position":2,"name":"Conoce el Kit Digital de Acelera Pyme"}]},{"@type":"WebSite","@id":"https:\/\/dinsa.es\/kitdigital\/#website","url":"https:\/\/dinsa.es\/kitdigital\/","name":"Kit Digital Pymes | Dinsa con Acelera Pyme","description":"Dinsa es agente digitalizador del programa Acelera Pyme","potentialAction":[{"@type":"SearchAction","target":{"@type":"EntryPoint","urlTemplate":"https:\/\/dinsa.es\/kitdigital\/?s={search_term_string}"},"query-input":{"@type":"PropertyValueSpecification","valueRequired":true,"valueName":"search_term_string"}}],"inLanguage":"es"}]}},"_links":{"self":[{"href":"https:\/\/dinsa.es\/kitdigital\/wp-json\/wp\/v2\/pages\/4190","targetHints":{"allow":["GET"]}}],"collection":[{"href":"https:\/\/dinsa.es\/kitdigital\/wp-json\/wp\/v2\/pages"}],"about":[{"href":"https:\/\/dinsa.es\/kitdigital\/wp-json\/wp\/v2\/types\/page"}],"author":[{"embeddable":true,"href":"https:\/\/dinsa.es\/kitdigital\/wp-json\/wp\/v2\/users\/1"}],"replies":[{"embeddable":true,"href":"https:\/\/dinsa.es\/kitdigital\/wp-json\/wp\/v2\/comments?post=4190"}],"version-history":[{"count":0,"href":"https:\/\/dinsa.es\/kitdigital\/wp-json\/wp\/v2\/pages\/4190\/revisions"}],"wp:attachment":[{"href":"https:\/\/dinsa.es\/kitdigital\/wp-json\/wp\/v2\/media?parent=4190"}],"curies":[{"name":"wp","href":"https:\/\/api.w.org\/{rel}","templated":true}]}}