{"id":5029,"date":"2022-02-16T12:06:41","date_gmt":"2022-02-16T11:06:41","guid":{"rendered":"https:\/\/dinsa.es\/kitdigital\/?post_type=product&#038;p=5029"},"modified":"2022-03-30T08:46:43","modified_gmt":"2022-03-30T07:46:43","slug":"oficina-virtual-con-office-365","status":"publish","type":"product","link":"https:\/\/dinsa.es\/kitdigital\/producto\/oficina-virtual-con-office-365\/","title":{"rendered":"Oficina Virtual con Microsoft 365 Business Standard"},"content":{"rendered":"<p>[et_pb_section fb_built=\u00bb1&#8243; _builder_version=\u00bb4.15&#8243; custom_padding=\u00bb0px||||false|false\u00bb global_colors_info=\u00bb{}\u00bb][et_pb_row _builder_version=\u00bb4.15&#8243; background_size=\u00bbinitial\u00bb background_position=\u00bbtop_left\u00bb background_repeat=\u00bbrepeat\u00bb width=\u00bb100%\u00bb custom_padding=\u00bb0px||0px||false|false\u00bb global_colors_info=\u00bb{}\u00bb][et_pb_column type=\u00bb4_4&#8243; _builder_version=\u00bb4.15&#8243; custom_padding=\u00bb|||\u00bb global_colors_info=\u00bb{}\u00bb custom_padding__hover=\u00bb|||\u00bb][et_pb_wc_breadcrumb _builder_version=\u00bb4.15&#8243; global_colors_info=\u00bb{}\u00bb][\/et_pb_wc_breadcrumb][et_pb_wc_cart_notice _builder_version=\u00bb4.15&#8243; global_colors_info=\u00bb{}\u00bb][\/et_pb_wc_cart_notice][\/et_pb_column][\/et_pb_row][et_pb_row column_structure=\u00bb3_5,2_5&#8243; _builder_version=\u00bb4.15&#8243; background_size=\u00bbinitial\u00bb background_position=\u00bbtop_left\u00bb background_repeat=\u00bbrepeat\u00bb width=\u00bb100%\u00bb custom_padding=\u00bb0px||||false|false\u00bb global_colors_info=\u00bb{}\u00bb][et_pb_column type=\u00bb3_5&#8243; _builder_version=\u00bb4.15&#8243; background_enable_video_webm=\u00bboff\u00bb background_video_width=\u00bb600px\u00bb background_video_height=\u00bb400px\u00bb custom_padding=\u00bb|||\u00bb global_colors_info=\u00bb{}\u00bb custom_padding__hover=\u00bb|||\u00bb][et_pb_image src=\u00bbhttps:\/\/dinsa.es\/kitdigital\/wp-content\/uploads\/2022\/02\/png-transparent-logo-office-365-microsoft-office-2016-microsoft-corporation-microsoft-access-logo-angle-text-orange-e1645010500443.png\u00bb title_text=\u00bbOffice 365&#8243; _builder_version=\u00bb4.15&#8243; _module_preset=\u00bbdefault\u00bb global_colors_info=\u00bb{}\u00bb][\/et_pb_image][et_pb_image src=\u00bbhttps:\/\/dinsa.es\/kitdigital\/wp-content\/uploads\/2022\/02\/Hero_M365_HomePage_1920x800_VP5-1920&#215;720-1.jpeg\u00bb title_text=\u00bbHero_M365_HomePage_1920x800_VP5-1920&#215;720&#8243; _builder_version=\u00bb4.15&#8243; _module_preset=\u00bbdefault\u00bb global_colors_info=\u00bb{}\u00bb][\/et_pb_image][\/et_pb_column][et_pb_column type=\u00bb2_5&#8243; _builder_version=\u00bb4.15&#8243; custom_padding=\u00bb|||\u00bb global_colors_info=\u00bb{}\u00bb custom_padding__hover=\u00bb|||\u00bb][et_pb_wc_title _builder_version=\u00bb4.15&#8243; header_text_color=\u00bb#0C71C3&#8243; global_colors_info=\u00bb{}\u00bb][\/et_pb_wc_title][et_pb_wc_price _builder_version=\u00bb4.15&#8243; body_text_color=\u00bb#E09900&#8243; global_colors_info=\u00bb{}\u00bb][\/et_pb_wc_price][et_pb_wc_description _builder_version=\u00bb4.15&#8243; global_colors_info=\u00bb{}\u00bb][\/et_pb_wc_description][et_pb_text _builder_version=\u00bb4.15&#8243; _module_preset=\u00bbdefault\u00bb background_color=\u00bbRGBA(255,255,255,0)\u00bb use_background_color_gradient=\u00bbon\u00bb background_color_gradient_start=\u00bb#ffffff\u00bb background_color_gradient_end=\u00bbrgba(224,153,0,0.34)\u00bb module_alignment=\u00bbcenter\u00bb custom_margin=\u00bb||||false|false\u00bb custom_padding=\u00bb10px|10px|0px|10px|false|true\u00bb animation_style=\u00bbfade\u00bb border_radii=\u00bbon|5px|5px|5px|5px\u00bb border_width_all=\u00bb1px\u00bb border_color_all=\u00bb#E09900&#8243; box_shadow_style=\u00bbpreset4&#8243; locked=\u00bboff\u00bb global_colors_info=\u00bb{}\u00bb]<\/p>\n<div class=\"lc-inline_block_44911477f081d23fb9e9cd29528a04e8-edit block block-layout-builder block-inline-blockbloque-custom-referenciado\">\n<div>\n<div class=\"field field--name-field-contenido field--type-entity-reference-revisions field--label-hidden field__items\">\n<div class=\"field__item\">\n<div class=\"paragraph paragraph--type--bloque-custom-relacionado paragraph--view-mode--default\">\n<div class=\"field field--name-field-bloque-custom-relacionado field--type-entity-reference-revisions field--label-hidden field__item\">\n<div>\n<div class=\"clearfix text-formatted field field--name-body field--type-text-with-summary field--label-hidden field__item\">\n<p class=\"custom-solution-amount\" style=\"text-align: justify;\">Selecciona el n\u00famero de usuarios que necesitan la soluci\u00f3n de oficina virtual en funci\u00f3n de tu tipolog\u00eda de empresa<\/p>\n<p class=\"custom-solution-amount\">\n<\/div>\n<\/div>\n<\/div>\n<\/div>\n<\/div>\n<\/div>\n<\/div>\n<\/div>\n<p>[\/et_pb_text][et_pb_wc_add_to_cart _builder_version=\u00bb4.15&#8243; global_colors_info=\u00bb{}\u00bb][\/et_pb_wc_add_to_cart][et_pb_wc_meta _builder_version=\u00bb4.15&#8243; global_colors_info=\u00bb{}\u00bb][\/et_pb_wc_meta][\/et_pb_column][\/et_pb_row][et_pb_row _builder_version=\u00bb4.15&#8243; background_size=\u00bbinitial\u00bb background_position=\u00bbtop_left\u00bb background_repeat=\u00bbrepeat\u00bb width=\u00bb100%\u00bb global_colors_info=\u00bb{}\u00bb][et_pb_column type=\u00bb4_4&#8243; _builder_version=\u00bb4.15&#8243; custom_padding=\u00bb|||\u00bb global_colors_info=\u00bb{}\u00bb custom_padding__hover=\u00bb|||\u00bb][et_pb_wc_description description_type=\u00bbdescription\u00bb _builder_version=\u00bb4.15&#8243; _module_preset=\u00bbdefault\u00bb global_colors_info=\u00bb{}\u00bb][\/et_pb_wc_description][\/et_pb_column][\/et_pb_row][\/et_pb_section]<\/p>\n","protected":false},"excerpt":{"rendered":"<h3>Con Microsoft 365 Business Standard. Trabaje en cualquier lugar:<\/h3>\n<p>Trabaje con cualquier dispositivo para crear, editar y compartir sus archivos de Word, PowerPoint, Excel y OneNote en l\u00ednea. En cualquier momento y\u00a0en cualquier lugar.<\/p>\n<p>Selecciona el n\u00famero de usuarios que quieres en funci\u00f3n de tu perfil.<\/p>\n<ul>\n<li>0 &lt; 3 empleados: 250\u20ac\/usuario (hasta 2 usuarios)<\/li>\n<li>3 &lt; 9 empleados: 250\u20ac\/usuario (hasta 9 usuarios)<\/li>\n<li>10 &lt; 50 empleados: 250\u20ac\/usuario (hasta 48 usuarios)<\/li>\n<\/ul>\n","protected":false},"featured_media":5037,"template":"","meta":{"_et_pb_use_builder":"on","_et_pb_old_content":"<strong>Trabaje en cualquier lugar:<\/strong>\r\n\r\nTrabaje con cualquier dispositivo para crear, editar y compartir sus archivos de Word, PowerPoint, Excel y OneNote en l\u00ednea. En cualquier momento y\u00a0en cualquier lugar.\r\n\r\n<strong>Simplifique la forma de colaborar:<\/strong>\r\n\r\nAlmacene, sincronice y comparta sus archivos en l\u00ednea para tenerlos siempre actualizados. Y puede modificar documentos junto con otras personas en tiempo real.\r\n\r\nMicrosoft 365 Business Basic incluye:\r\n\r\n<strong>Servicio en l\u00ednea:<\/strong>\r\n\r\n- Correo electr\u00f3nico y calendarios:\r\n\r\nAdministre el correo electr\u00f3nico con calidad empresarial gracias a la experiencia rica y familiar de Outlook en la web, a la que podr\u00e1 acceder desde su escritorio o desde un navegador web mediante Outlook Web App. Obtenga un buz\u00f3n de 50 GB para cada usuario y env\u00ede archivos adjuntos con un tama\u00f1o de hasta 150 MB.\u00a0M\u00e1s informaci\u00f3n\r\n\r\n<strong>- Conferencias en l\u00ednea:<\/strong>\r\n\r\nOrganice reuniones en l\u00ednea con audio y v\u00eddeo usando la pantalla compartida con un clic y conferencias de v\u00eddeo de alta resoluci\u00f3n.\r\n\r\n<strong>- Mensajer\u00eda instant\u00e1nea y conectividad de Skype:<\/strong>\r\n\r\nContacte con otros usuarios de Skype Empresarial empleando mensajer\u00eda instant\u00e1nea, llamadas de voz y llamadas de v\u00eddeo; mu\u00e9streles su disponibilidad mediante su estado de conexi\u00f3n. Comparta su presencia, mensajer\u00eda instant\u00e1nea y llamadas de audio con otros usuarios de Skype.\r\n\r\n<strong>Red social corporativa:<\/strong>\r\n\r\nEl software de colaboraci\u00f3n Yammer y las aplicaciones empresariales permiten a sus empleados conectar con las personas apropiadas, compartir informaci\u00f3n con otros equipos y organizarse en torno a los proyectos para llegar m\u00e1s lejos y m\u00e1s r\u00e1pido.\r\n\r\n<strong>- Almacenamiento y uso compartido de archivos:<\/strong>\r\n\r\n<strong>OneDrive para la Empresa ofrece 1 TB de almacenamiento a cada usuario<\/strong> para que pueda obtener acceso a sus documentos pr\u00e1cticamente desde cualquier lugar. Puede compartir documentos con otros, pertenezcan o no a su organizaci\u00f3n, controlar qui\u00e9n puede ver y editar cada archivo y sincronizar archivos f\u00e1cilmente con sus PC, Mac y otros dispositivos.\r\n\r\n<strong>- Sitios de grupo:<\/strong>\r\n\r\nCuente con 10 GB de almacenamiento general y 500 MB de almacenamiento por usuario para facilitar la accesibilidad y el uso compartido de los documentos.\r\n\r\n<strong>- Office Online:<\/strong>\r\n\r\nCree y edite documentos de Word, OneNote, PowerPoint y Excel con el navegador.\r\n\r\n- Narraciones digitales de calidad profesional: Con Sway, la nueva aplicaci\u00f3n de Office 365, puede crear f\u00e1cilmente, y desde su propio tel\u00e9fono, sugestivos informes, presentaciones, boletines, materiales de formaci\u00f3n y mucho m\u00e1s, con caracter\u00edsticas interactivas y basados en web. Los sways se pueden compartir en un instante y su aspecto es fant\u00e1stico en cualquier pantalla.\r\n\r\n<strong>- B\u00fasqueda y detecci\u00f3n:<\/strong>\r\n\r\nMant\u00e9ngase informado. Busque y detecte contenido en todo Office 365 bas\u00e1ndose en perspectivas personalizadas. Office Delve es la primera experiencia que utiliza Office Graph, una colecci\u00f3n de informaci\u00f3n o se\u00f1ales analizadas a partir del comportamiento del usuario y sus relaciones con el contenido, los temas y los contactos.\r\n\r\n- <strong>Confiabilidad<\/strong>:\r\n\r\nRel\u00e1jese sabiendo que sus servicios est\u00e1n disponibles gracias a un contrato de nivel de servicio (SLA) con respaldo financiero que garantiza un tiempo de actividad del 99,9 %.\r\n\r\n- <strong>Seguridad<\/strong>:\r\n\r\nPr\u00e1cticas avanzadas de seguridad con cinco capas y supervisi\u00f3n proactiva para proteger los datos del cliente.\r\n\r\n- <strong>Privacidad<\/strong>:\r\n\r\nSus datos le pertenecen. Los protegemos y cuidamos su privacidad.\r\n\r\n- <strong>Administraci\u00f3n<\/strong>:\r\n\r\nImplemente y administre Microsoft 365 en toda su compa\u00f1\u00eda sin ser un experto en TI. Puede agregar y quitar usuarios en cuesti\u00f3n de minutos.\r\n\r\n- <strong>Actualizado<\/strong>:\r\n\r\nNo tendr\u00e1 que pagar por las actualizaciones de versi\u00f3n, ya que est\u00e1n incluidas en la suscripci\u00f3n. Los clientes de Microsoft 365 reciben las caracter\u00edsticas nuevas con regularidad.\r\n\r\n<strong>- Integraci\u00f3n con Active Directory:<\/strong>\r\n\r\nAdministre permisos y credenciales de usuario. Inicio de sesi\u00f3n \u00fanico y sincronizaci\u00f3n con Active Directory.\r\n\r\n<strong>- Soporte t\u00e9cnico:<\/strong>\r\n\r\nEl soporte t\u00e9cnico de Microsoft ofrece respuestas, recursos sobre procedimientos y contacto con otros clientes de Microsoft 365 para la configuraci\u00f3n y correcciones r\u00e1pidas, tanto por tel\u00e9fono como en l\u00ednea.","_et_gb_content_width":""},"product_brand":[],"product_cat":[26],"product_tag":[],"class_list":{"0":"post-5029","1":"product","2":"type-product","3":"status-publish","4":"has-post-thumbnail","6":"product_cat-oficina-virtual","8":"first","9":"instock","10":"shipping-taxable","11":"purchasable","12":"product-type-variable"},"yoast_head":"<!-- This site is optimized with the Yoast SEO plugin v27.6 - https:\/\/yoast.com\/product\/yoast-seo-wordpress\/ -->\n<title>Oficina Virtual con Microsoft 365 Business Standard - Kit Digital Pymes | Dinsa con Acelera Pyme<\/title>\n<meta name=\"robots\" content=\"index, follow, max-snippet:-1, max-image-preview:large, max-video-preview:-1\" \/>\n<link rel=\"canonical\" href=\"https:\/\/dinsa.es\/kitdigital\/producto\/oficina-virtual-con-office-365\/\" \/>\n<meta property=\"og:locale\" content=\"es_ES\" \/>\n<meta property=\"og:type\" content=\"article\" \/>\n<meta property=\"og:title\" content=\"Oficina Virtual con Microsoft 365 Business Standard - Kit Digital Pymes | Dinsa con Acelera Pyme\" \/>\n<meta property=\"og:description\" content=\"Con Microsoft 365 Business Standard. Trabaje en cualquier lugar: Trabaje con cualquier dispositivo para crear, editar y compartir sus archivos de Word, PowerPoint, Excel y OneNote en l\u00ednea. En cualquier momento y\u00a0en cualquier lugar.  Selecciona el n\u00famero de usuarios que quieres en funci\u00f3n de tu perfil.   0 &lt; 3 empleados: 250\u20ac\/usuario (hasta 2 usuarios)  3 &lt; 9 empleados: 250\u20ac\/usuario (hasta 9 usuarios)  10 &lt; 50 empleados: 250\u20ac\/usuario (hasta 48 usuarios)\" \/>\n<meta property=\"og:url\" content=\"https:\/\/dinsa.es\/kitdigital\/producto\/oficina-virtual-con-office-365\/\" \/>\n<meta property=\"og:site_name\" content=\"Kit Digital Pymes | Dinsa con Acelera Pyme\" \/>\n<meta property=\"article:modified_time\" content=\"2022-03-30T07:46:43+00:00\" \/>\n<meta property=\"og:image\" content=\"https:\/\/dinsa.es\/kitdigital\/wp-content\/uploads\/2022\/02\/png-transparent-logo-office-365-microsoft-office-2016-microsoft-corporation-microsoft-access-logo-angle-text-orange-e1645010500443.png\" \/>\n\t<meta property=\"og:image:width\" content=\"920\" \/>\n\t<meta property=\"og:image:height\" content=\"294\" \/>\n\t<meta property=\"og:image:type\" content=\"image\/png\" \/>\n<meta name=\"twitter:card\" content=\"summary_large_image\" \/>\n<script type=\"application\/ld+json\" class=\"yoast-schema-graph\">{\"@context\":\"https:\\\/\\\/schema.org\",\"@graph\":[{\"@type\":\"WebPage\",\"@id\":\"https:\\\/\\\/dinsa.es\\\/kitdigital\\\/producto\\\/oficina-virtual-con-office-365\\\/\",\"url\":\"https:\\\/\\\/dinsa.es\\\/kitdigital\\\/producto\\\/oficina-virtual-con-office-365\\\/\",\"name\":\"Oficina Virtual con Microsoft 365 Business Standard - Kit Digital Pymes | Dinsa con Acelera Pyme\",\"isPartOf\":{\"@id\":\"https:\\\/\\\/dinsa.es\\\/kitdigital\\\/#website\"},\"primaryImageOfPage\":{\"@id\":\"https:\\\/\\\/dinsa.es\\\/kitdigital\\\/producto\\\/oficina-virtual-con-office-365\\\/#primaryimage\"},\"image\":{\"@id\":\"https:\\\/\\\/dinsa.es\\\/kitdigital\\\/producto\\\/oficina-virtual-con-office-365\\\/#primaryimage\"},\"thumbnailUrl\":\"https:\\\/\\\/dinsa.es\\\/kitdigital\\\/wp-content\\\/uploads\\\/2022\\\/02\\\/png-transparent-logo-office-365-microsoft-office-2016-microsoft-corporation-microsoft-access-logo-angle-text-orange-e1645010500443.png\",\"datePublished\":\"2022-02-16T11:06:41+00:00\",\"dateModified\":\"2022-03-30T07:46:43+00:00\",\"breadcrumb\":{\"@id\":\"https:\\\/\\\/dinsa.es\\\/kitdigital\\\/producto\\\/oficina-virtual-con-office-365\\\/#breadcrumb\"},\"inLanguage\":\"es\",\"potentialAction\":[{\"@type\":\"ReadAction\",\"target\":[\"https:\\\/\\\/dinsa.es\\\/kitdigital\\\/producto\\\/oficina-virtual-con-office-365\\\/\"]}]},{\"@type\":\"ImageObject\",\"inLanguage\":\"es\",\"@id\":\"https:\\\/\\\/dinsa.es\\\/kitdigital\\\/producto\\\/oficina-virtual-con-office-365\\\/#primaryimage\",\"url\":\"https:\\\/\\\/dinsa.es\\\/kitdigital\\\/wp-content\\\/uploads\\\/2022\\\/02\\\/png-transparent-logo-office-365-microsoft-office-2016-microsoft-corporation-microsoft-access-logo-angle-text-orange-e1645010500443.png\",\"contentUrl\":\"https:\\\/\\\/dinsa.es\\\/kitdigital\\\/wp-content\\\/uploads\\\/2022\\\/02\\\/png-transparent-logo-office-365-microsoft-office-2016-microsoft-corporation-microsoft-access-logo-angle-text-orange-e1645010500443.png\",\"width\":920,\"height\":294},{\"@type\":\"BreadcrumbList\",\"@id\":\"https:\\\/\\\/dinsa.es\\\/kitdigital\\\/producto\\\/oficina-virtual-con-office-365\\\/#breadcrumb\",\"itemListElement\":[{\"@type\":\"ListItem\",\"position\":1,\"name\":\"Portada\",\"item\":\"https:\\\/\\\/dinsa.es\\\/kitdigital\\\/\"},{\"@type\":\"ListItem\",\"position\":2,\"name\":\"Servicios Tienda\",\"item\":\"https:\\\/\\\/dinsa.es\\\/kitdigital\\\/tienda\\\/\"},{\"@type\":\"ListItem\",\"position\":3,\"name\":\"Oficina Virtual con Microsoft 365 Business Standard\"}]},{\"@type\":\"WebSite\",\"@id\":\"https:\\\/\\\/dinsa.es\\\/kitdigital\\\/#website\",\"url\":\"https:\\\/\\\/dinsa.es\\\/kitdigital\\\/\",\"name\":\"Kit Digital Pymes | Dinsa con Acelera Pyme\",\"description\":\"Dinsa es agente digitalizador del programa Acelera Pyme\",\"potentialAction\":[{\"@type\":\"SearchAction\",\"target\":{\"@type\":\"EntryPoint\",\"urlTemplate\":\"https:\\\/\\\/dinsa.es\\\/kitdigital\\\/?s={search_term_string}\"},\"query-input\":{\"@type\":\"PropertyValueSpecification\",\"valueRequired\":true,\"valueName\":\"search_term_string\"}}],\"inLanguage\":\"es\"}]}<\/script>\n<!-- \/ Yoast SEO plugin. -->","yoast_head_json":{"title":"Oficina Virtual con Microsoft 365 Business Standard - Kit Digital Pymes | Dinsa con Acelera Pyme","robots":{"index":"index","follow":"follow","max-snippet":"max-snippet:-1","max-image-preview":"max-image-preview:large","max-video-preview":"max-video-preview:-1"},"canonical":"https:\/\/dinsa.es\/kitdigital\/producto\/oficina-virtual-con-office-365\/","og_locale":"es_ES","og_type":"article","og_title":"Oficina Virtual con Microsoft 365 Business Standard - Kit Digital Pymes | Dinsa con Acelera Pyme","og_description":"Con Microsoft 365 Business Standard. Trabaje en cualquier lugar: Trabaje con cualquier dispositivo para crear, editar y compartir sus archivos de Word, PowerPoint, Excel y OneNote en l\u00ednea. En cualquier momento y\u00a0en cualquier lugar.  Selecciona el n\u00famero de usuarios que quieres en funci\u00f3n de tu perfil.   0 &lt; 3 empleados: 250\u20ac\/usuario (hasta 2 usuarios)  3 &lt; 9 empleados: 250\u20ac\/usuario (hasta 9 usuarios)  10 &lt; 50 empleados: 250\u20ac\/usuario (hasta 48 usuarios)","og_url":"https:\/\/dinsa.es\/kitdigital\/producto\/oficina-virtual-con-office-365\/","og_site_name":"Kit Digital Pymes | Dinsa con Acelera Pyme","article_modified_time":"2022-03-30T07:46:43+00:00","og_image":[{"width":920,"height":294,"url":"https:\/\/dinsa.es\/kitdigital\/wp-content\/uploads\/2022\/02\/png-transparent-logo-office-365-microsoft-office-2016-microsoft-corporation-microsoft-access-logo-angle-text-orange-e1645010500443.png","type":"image\/png"}],"twitter_card":"summary_large_image","schema":{"@context":"https:\/\/schema.org","@graph":[{"@type":"WebPage","@id":"https:\/\/dinsa.es\/kitdigital\/producto\/oficina-virtual-con-office-365\/","url":"https:\/\/dinsa.es\/kitdigital\/producto\/oficina-virtual-con-office-365\/","name":"Oficina Virtual con Microsoft 365 Business Standard - Kit Digital Pymes | Dinsa con Acelera Pyme","isPartOf":{"@id":"https:\/\/dinsa.es\/kitdigital\/#website"},"primaryImageOfPage":{"@id":"https:\/\/dinsa.es\/kitdigital\/producto\/oficina-virtual-con-office-365\/#primaryimage"},"image":{"@id":"https:\/\/dinsa.es\/kitdigital\/producto\/oficina-virtual-con-office-365\/#primaryimage"},"thumbnailUrl":"https:\/\/dinsa.es\/kitdigital\/wp-content\/uploads\/2022\/02\/png-transparent-logo-office-365-microsoft-office-2016-microsoft-corporation-microsoft-access-logo-angle-text-orange-e1645010500443.png","datePublished":"2022-02-16T11:06:41+00:00","dateModified":"2022-03-30T07:46:43+00:00","breadcrumb":{"@id":"https:\/\/dinsa.es\/kitdigital\/producto\/oficina-virtual-con-office-365\/#breadcrumb"},"inLanguage":"es","potentialAction":[{"@type":"ReadAction","target":["https:\/\/dinsa.es\/kitdigital\/producto\/oficina-virtual-con-office-365\/"]}]},{"@type":"ImageObject","inLanguage":"es","@id":"https:\/\/dinsa.es\/kitdigital\/producto\/oficina-virtual-con-office-365\/#primaryimage","url":"https:\/\/dinsa.es\/kitdigital\/wp-content\/uploads\/2022\/02\/png-transparent-logo-office-365-microsoft-office-2016-microsoft-corporation-microsoft-access-logo-angle-text-orange-e1645010500443.png","contentUrl":"https:\/\/dinsa.es\/kitdigital\/wp-content\/uploads\/2022\/02\/png-transparent-logo-office-365-microsoft-office-2016-microsoft-corporation-microsoft-access-logo-angle-text-orange-e1645010500443.png","width":920,"height":294},{"@type":"BreadcrumbList","@id":"https:\/\/dinsa.es\/kitdigital\/producto\/oficina-virtual-con-office-365\/#breadcrumb","itemListElement":[{"@type":"ListItem","position":1,"name":"Portada","item":"https:\/\/dinsa.es\/kitdigital\/"},{"@type":"ListItem","position":2,"name":"Servicios Tienda","item":"https:\/\/dinsa.es\/kitdigital\/tienda\/"},{"@type":"ListItem","position":3,"name":"Oficina Virtual con Microsoft 365 Business Standard"}]},{"@type":"WebSite","@id":"https:\/\/dinsa.es\/kitdigital\/#website","url":"https:\/\/dinsa.es\/kitdigital\/","name":"Kit Digital Pymes | Dinsa con Acelera Pyme","description":"Dinsa es agente digitalizador del programa Acelera Pyme","potentialAction":[{"@type":"SearchAction","target":{"@type":"EntryPoint","urlTemplate":"https:\/\/dinsa.es\/kitdigital\/?s={search_term_string}"},"query-input":{"@type":"PropertyValueSpecification","valueRequired":true,"valueName":"search_term_string"}}],"inLanguage":"es"}]}},"_links":{"self":[{"href":"https:\/\/dinsa.es\/kitdigital\/wp-json\/wp\/v2\/product\/5029","targetHints":{"allow":["GET"]}}],"collection":[{"href":"https:\/\/dinsa.es\/kitdigital\/wp-json\/wp\/v2\/product"}],"about":[{"href":"https:\/\/dinsa.es\/kitdigital\/wp-json\/wp\/v2\/types\/product"}],"wp:featuredmedia":[{"embeddable":true,"href":"https:\/\/dinsa.es\/kitdigital\/wp-json\/wp\/v2\/media\/5037"}],"wp:attachment":[{"href":"https:\/\/dinsa.es\/kitdigital\/wp-json\/wp\/v2\/media?parent=5029"}],"wp:term":[{"taxonomy":"product_brand","embeddable":true,"href":"https:\/\/dinsa.es\/kitdigital\/wp-json\/wp\/v2\/product_brand?post=5029"},{"taxonomy":"product_cat","embeddable":true,"href":"https:\/\/dinsa.es\/kitdigital\/wp-json\/wp\/v2\/product_cat?post=5029"},{"taxonomy":"product_tag","embeddable":true,"href":"https:\/\/dinsa.es\/kitdigital\/wp-json\/wp\/v2\/product_tag?post=5029"}],"curies":[{"name":"wp","href":"https:\/\/api.w.org\/{rel}","templated":true}]}}